e the prime factors of 929942?
2, 13, 47, 761
List the prime factors of 5494454.
2, 7, 43, 9127
List the prime factors of 558997.
558997
List the prime factors of 1287921.
3, 331, 1297
List the prime factors of 2870807.
17, 47, 3593
List the prime factors of 4669980.
2, 3, 5, 7, 11119
List the prime factors of 8510138.
2, 7, 13, 19, 23, 107
List the prime factors of 133430.
2, 5, 11, 1213
What are the prime factors of 6257707?
19, 29, 41, 277
List the prime factors of 26809.
17, 19, 83
List the prime factors of 815316.
2, 3, 67943
List the prime factors of 16772661.
3, 547, 3407
What are the prime factors of 20435484?
2, 3, 599, 2843
What are the prime factors of 626278?
2, 19, 16481
What are the prime factors of 2923573?
349, 8377
What are the prime factors of 2142664?
2, 267833
List the prime factors of 415160.
2, 5, 97, 107
What are the prime factors of 279150?
2, 3, 5, 1861
What are the prime factors of 43514?
2, 21757
List the prime factors of 6775762.
2, 7, 379, 1277
List the prime factors of 25543411.
31, 823981
List the prime factors of 4551761.
31, 359, 409
List the prime factors of 212895.
3, 5, 19, 83
What are the prime factors of 5280869?
11, 23, 20873
List the prime factors of 480231.
3, 53359
What are the prime factors of 1355783?
11, 13, 19, 499
What are the prime factors of 100420?
2, 5, 5021
List the prime factors of 8868660.
2, 3, 5, 147811
List the prime factors of 322167.
3, 17, 6317
What are the prime factors of 26445?
3, 5, 41, 43
What are the prime factors of 93007?
17, 5471
What are the prime factors of 9071587?
7, 647, 2003
What are the prime factors of 823448?
2, 102931
What are the prime factors of 103935?
3, 5, 13, 41
List the prime factors of 122571.
3, 13619
List the prime factors of 16305347.
16305347
List the prime factors of 5625340.
2, 5, 7, 23, 1747
What are the prime factors of 88898?
2, 44449
What are the prime factors of 32601277?
2311, 14107
List the prime factors of 36610.
2, 5, 7, 523
What are the prime factors of 300206?
2, 367, 409
List the prime factors of 280897.
280897
List the prime factors of 14851881.
3, 11, 41, 3659
What are the prime factors of 5503123?
5503123
What are the prime factors of 248098?
2, 17, 7297
What are the prime factors of 747970?
2, 5, 74797
List the prime factors of 16071879.
3, 53, 101081
List the prime factors of 281497.
23, 12239
List the prime factors of 1337152.
2, 17, 1229
What are the prime factors of 6426525?
3, 5, 7, 12241
What are the prime factors of 725177?
109, 6653
List the prime factors of 552476.
2, 59, 2341
List the prime factors of 452007.
3, 16741
What are the prime factors of 226060?
2, 5, 89, 127
List the prime factors of 1956977.
11, 177907
List the prime factors of 326031.
3, 108677
List the prime factors of 3420944.
2, 17, 12577
What are the prime factors of 13167388?
2, 13, 181, 1399
List the prime factors of 13022965.
5, 2604593
What are the prime factors of 2203652?
2, 11, 29, 157
What are the prime factors of 1107758?
2, 673, 823
What are the prime factors of 24958261?
17, 233, 6301
What are the prime factors of 685313?
227, 3019
List the prime factors of 266850.
2, 3, 5, 593
What are the prime factors of 1062007?
17, 179, 349
List the prime factors of 1779936.
2, 3, 18541
List the prime factors of 1096575.
3, 5, 14621
What are the prime factors of 11371874?
2, 1823, 3119
What are the prime factors of 16845?
3, 5, 1123
What are the prime factors of 265643?
7, 137, 277
What are the prime factors of 3288260?
2, 5, 164413
What are the prime factors of 706753?
706753
List the prime factors of 266103.
3, 29567
List the prime factors of 16685642.
2, 8342821
What are the prime factors of 2534139?
3, 17, 5521
What are the prime factors of 785374?
2, 67, 5861
What are the prime factors of 663063?
3, 221021
What are the prime factors of 6880071?
3, 11, 19, 10973
What are the prime factors of 436632?
2, 3, 7, 23, 113
List the prime factors of 301560.
2, 3, 5, 7, 359
What are the prime factors of 6115969?
47, 130127
What are the prime factors of 455809?
455809
List the prime factors of 4379942.
2, 7, 193, 1621
List the prime factors of 62717.
59, 1063
What are the prime factors of 160448?
2, 23, 109
List the prime factors of 21004463.
21004463
What are the prime factors of 467682?
2, 3, 23, 3389
List the prime factors of 152536.
2, 23, 829
What are the prime factors of 40937688?
2, 3, 11, 37, 127
List the prime factors of 30226611.
3, 10075537
List the prime factors of 14793.
3, 4931
What are the prime factors of 15951665?
5, 41, 77813
What are the prime factors of 225832?
2, 28229
What are the prime factors of 415994?
2, 207997
What are the prime factors of 54234?
2, 3, 23, 131
What are the prime factors of 691933?
11, 62903
What are the prime factors of 10071802?
2, 13, 53, 7309
List the prime factors of 4078029.
3, 37, 36739
List the prime factors of 11989.
19, 631
What are the prime factors of 105921?
3, 3923
List the prime factors of 259388.
2, 19, 3413
What are the prime factors of 80491?
80491
What are the prime factors of 6762548?
2, 13, 47, 2767
What are the prime factors of 103318?
2, 51659
List the prime factors of 1599535.
5, 7, 23, 1987
List the prime factors of 118819.
118819
What are the prime factors of 410219?
37, 11087
What are the prime factors of 6416385?
3, 5, 103, 4153
What are the prime factors of 103780?
2, 5, 5189
List the prime factors of 1213912.
2, 7, 53, 409
What are the prime factors of 370064?
2, 101, 229
What are the prime factors of 6378905?
5, 13, 7549
List the prime factors of 3647612.
2, 911903
What are the prime factors of 2248018?
2, 59, 19051
List the prime factors of 1077836.
2, 467, 577
List the prime factors of 1244772.
2, 3, 71, 487
What are the prime factors of 575697?
3, 191899
What are the prime factors of 971022?
2, 3, 13, 59, 211
What are the prime factors of 2477458?
2, 31, 1289
What are the prime factors of 348416?
2, 1361
What are the prime factors of 14300524?
2, 7, 331, 1543
List the prime factors of 952135.
5, 191, 997
What are the prime factors of 192476?
2, 48119
What are the prime factors of 6571951?
23, 29, 59, 167
What are the prime factors of 9406762?
2, 1487, 3163
What are the prime factors of 27430439?
27430439
List the prime factors of 12754863.
3, 11, 128837
List the prime factors of 3866336.
2, 120823
What are the prime factors of 3597376?
2, 56209
What are the prime factors of 150425?
5, 11, 547
List the prime factors of 8298331.
23, 421, 857
What are the prime factors of 5110471?
5110471
List the prime factors of 2833935.
3, 5, 13, 14533
What are the prime factors of 43975?
5, 1759
List the prime factors of 6730689.
3, 7, 31, 211
What are the prime factors of 224178?
2, 3, 37363
List the prime factors of 489924.
2, 3, 31, 439
What are the prime factors of 5729537?
11, 520867
List the prime factors of 1731805.
5, 346361
What are the prime factors of 10297383?
3, 191, 17971
What are the prime factors of 170739?
3, 61, 311
List the prime factors of 5965973.
13, 458921
What are the prime factors of 1207172?
2, 301793
List the prime factors of 946366.
2, 83, 5701
List the prime factors of 1460773.
1460773
List the prime factors of 1210840.
2, 5, 30271
List the prime factors of 649013.
241, 2693
What are the prime factors of 2302969?
2302969
What are the prime factors of 2212941?
3, 17, 43391
What are the prime factors of 4199694?
2, 3, 31, 67, 337
What are the prime factors of 2748389?
7, 199, 1973
What are the prime factors of 2678030?
2, 5, 267803
List the prime factors of 9799328.
2, 7, 11, 41, 97
List the prime factors of 17672930.
2, 5, 11, 160663
What are the prime factors of 160476?
2, 3, 43, 311
List the prime factors of 33811274.
2, 7, 29, 11897
What are the prime factors of 2012181?
3, 670727
List the prime factors of 5805849.
3, 7, 19, 14551
List the prime factors of 16871.
16871
List the prime factors of 332845.
5, 66569
What are the prime factors of 135330?
2, 3, 5, 13, 347
List the prime factors of 3910663.
17, 461, 499
What are the prime factors of 271584?
2, 3, 23, 41
List the prime factors of 29950.
2, 5, 599
What are the prime factors of 20411?
20411
List the prime factors of 20615.
5, 7, 19, 31
What are the prime factors of 1664421?
3, 11, 31, 1627
List the prime factors of 